vative of 30*k**2 + 13*k - 18. List the prime factors of i(11).
673
Suppose 0 = 3*x + y - 70, 0 = -2*x - 2*y - 0*y + 44. Let n = x + -24. Suppose -4*m = -5*c - 73 + 16, -3*m - 5*c - 1 = n. List the prime factors of m.
2
Let s(a) = 2*a**2 + 8*a - 8. Let d be s(-9). Suppose 0 = -48*b + 29*b - 266. Let v = d + b. List the prime factors of v.
2, 17
Let s(n) = n**2 + 9*n - 15. Let h = 83 - 74. What are the prime factors of s(h)?
3, 7
What are the prime factors of 16 - (-65)/(-15)*-10023?
3, 7, 2069
What are the prime factors of ((-91)/(-105) - (2 + -1)) + 10586381/195?
233
Suppose -8*z - 1 = 3*g - 3*z, 5*g + 3*z - 9 = 0. What are the prime factors of (g*133 + -2)*12/12?
397
Let s be (-16)/(-2) + (-3 - 0 - 0/3). Suppose 0 = h + 1 - 6. Suppose 0*x - 303 = -h*l + 2*x, s*x - 39 = -l. What are the prime factors of l?
59
Let u = -351 + 271. List the prime factors of (32/u + 48/70)*623.
2, 89
Suppose 2*r + 12 = 5*y, 25 = 4*r + 4*y - 7. Suppose -2*z + n + 749 = 0, -10 = 2*n - r. List the prime factors of z.
373
Let p = -89059 + 124684. Suppose -8*a - p = -33*a. What are the prime factors of a?
3, 5, 19
Let j(z) be the first derivative of -z**3/3 - 7*z**2/2 + 6*z - 5. Let d be j(-9). List the prime factors of (-6)/(-9) - 1744/d.
2, 73
Suppose -24*t - 104261 = 49*t - 325305. List the prime factors of t.
2, 757
Suppose 0 = 5*a - 20. Suppose 5*c = -a*s + 554, -c + 4*s + 130 = -0*c. What are the prime factors of c?
2, 3, 19
Let m be (-8*1 - -4) + 6. Suppose m*l = -0*l + 8. Suppose 0 = -5*o - 3*i + 373, -l*o - 3*i - 397 = -9*o. What are the prime factors of o?
7, 11
Let n be 0 - (1524/(-3) + (3 - -1)). Let l = 288 + 0. Let t = n - l. What are the prime factors of t?
2, 3
Let u be (-4)/(-10) - (-1260)/100. Suppose 9801 = u*m - 4*m. List the prime factors of m.
3, 11
Let k(s) = 1627*s**2 + 68*s - 3. List the prime factors of k(2).
29, 229
Let i be ((-2835)/(-18))/15*2/3. Suppose i*x = 3122 + 2793. What are the prime factors of x?
5, 13
Suppose -19*s + 16*s + 4*k + 3375 = 0, -2*s - 5*k = -2250. Let t = 206 + s. What are the prime factors of t?
11
Suppose -1108692 = -46*z - 16*z - 41*z. What are the prime factors of z?
2, 3, 13, 23
What are the prime factors of 9*(-2)/(-3) + (8/(-4) - -7351)?
5, 1471
Suppose 3*m = -3*k + 339, -4*m + 29 + 458 = -3*k. Let q = m - 118. Suppose -2*g + 3*p = -267, -g - p + 94 + 42 = q. List the prime factors of g.
3, 5
Suppose -115*n + s - 159020 = -120*n, -3*s = 4*n - 127205. List the prime factors of n.
5, 6361
Suppose 3*o = -i + 59331, 10*o - 12*o = 3*i - 39547. List the prime factors of o.
2, 11, 29, 31
Suppose 0 = -4*h + 5*j + 18157, 5*h + 9*j = 12*j + 22680. What are the prime factors of h?
3, 1511
Let b = 8619 - 612. What are the prime factors of b?
3, 17, 157
Let a be 6/(-15) + ((-33)/5 - -1). Let x be (-2 + 50/15)*(-9)/a. Suppose 4*d - 5*z = 72, 0 = 3*d + x*z - 3*z - 54. List the prime factors of d.
2, 3
What are the prime factors of (1*9 - (-185674)/344)*8?
2, 5, 439
Suppose -2*l = 2*u - 680, -2*u + 0*l + 659 = -5*l. Let b be -2 - ((-12198)/(-95) - 6/(-10)). Let z = b + u. List the prime factors of z.
2, 103
Let t = 10 + -7. Suppose 2*f + 84 = 928. Suppose 4*j = 3*q - f, -t*q - j + 428 = j. List the prime factors of q.
2, 71
Let s = -35 - -47. Suppose -8 = j - s. Suppose 152 = 4*n - z + 4*z, -4*n + 148 = j*z. List the prime factors of n.
41
Suppose 5*x = -5 + 10. Let w be 435*8/12 + x. Let l = w + -145. List the prime factors of l.
2, 73
Let h = 25 + -40. Let j = 20 + h. Suppose -j*o = -145 - 245. List the prime factors of o.
2, 3, 13
List the prime factors of ((-215)/(-43) - 39/30*-38)*30.
2, 3, 17
Let r be 120/(-75)*(-3)/(6/6485). List the prime factors of 26/(-39) - (-3)/(18/r).
2, 3
Suppose -143*m - 1054320 = -155*m. What are the prime factors of m?
2, 5, 23, 191
Let h(y) = 2330*y - 1544. List the prime factors of h(6).
2, 3109
List the prime factors of (((-45)/2)/5)/((-51)/52462).
3, 1543
What are the prime factors of 6659/5 + (3*8/(-120))/(-1)?
2, 3, 37
Suppose 0*s - 2*h = -5*s + 71795, -4*s + 3*h = -57429. List the prime factors of s.
3, 4787
Suppose 38780 = -19*q + 140715. What are the prime factors of q?
5, 29, 37
Let o(z) = 2*z**2 - 28*z + 23. Let u be o(13). Let r be ((-2)/(-2))/(-1)*(0 + u). List the prime factors of (r - (-14)/(-5)) + 7903/35.
2, 113
Suppose -245914 = 4*o - 8*o - 3*l, 3*o + 2*l = 184437. What are the prime factors of o?
61483
Let x = 50 - -42. Suppose 0 = 2*f + x + 70. Let s = f - -157. What are the prime factors of s?
2, 19
Suppose 0 = -5*h + 10, -5*p - 5*h = -3*p - 17174. List the prime factors of p.
2, 7, 613
Let c(m) = -26*m - 24*m + 14 + 0*m + 3*m. List the prime factors of c(-4).
2, 101
Let u(g) = -g**3 - 14*g**2 - 22*g + 27. Let y be u(-12). Suppose 5*w - 2*j - 163 - 5127 = 0, 3*w + y*j - 3153 = 0. What are the prime factors of w?
2, 3, 11
Suppose -2*f - 12 + 16 = 0. Let t be (-32)/6*(-3)/f. Suppose 0 = -5*c - t + 88. What are the prime factors of c?
2
Let a be (5 + (-45)/10)*-4546. Let y = -1513 - a. What are the prime factors of y?
2, 5, 19
Suppose 4*o + 4*d - 88 = 0, d = -2*o + 6*o - 103. Suppose 2*x = -o + 31. Let h(t) = t**3 + t**2 - 2*t - 3. What are the prime factors of h(x)?
3
Suppose 2*h = -3*l + 6*h + 28336, -5*h = -4*l + 37781. What are the prime factors of l?
2, 3, 787
Suppose -3*n + 18 = 0, 12*m + 5*n = 104691 + 442335. List the prime factors of m.
79, 577
Let p(o) = 12*o**2 - 83*o - 407. What are the prime factors of p(-66)?
11, 13, 401
Let s = 7 + 5. Let r = s + -14. Let g(i) = 19*i**2 - 2*i + 1. What are the prime factors of g(r)?
3
Let u(s) = -s**2 + 45*s + 155. Let h be u(45). Let w = h + 467. What are the prime factors of w?
2, 311
Suppose 3*l - 468 = -2*w, -5*l - 740 = 11*w - 14*w. Suppose -10*r + w = -670. What are the prime factors of r?
7, 13
Suppose -53*r + 24*r = -27*r - 36770. What are the prime factors of r?
5, 3677
Suppose 2*q = f - 4*q - 13046, -3*q = 3*f - 39201. What are the prime factors of f?
2, 23, 71
Let l be (-8)/(0 - (-10)/(-275)). Let x = 148 + l. What are the prime factors of x?
2, 23
Let m(d) = -d**2 + d + 1. Let q(w) = -w**3 + 18*w**2 - 4*w + 35. Let s(t) = 2*m(t) - q(t). Let l be s(20). Let i = l + 151. What are the prime factors of i?
2, 7, 17
Suppose 8*x - 908 = 4*x. Let q = -76 + x. Let k = q + -95. What are the prime factors of k?
2, 7
Let t = 159 - -160. Let k = 450 - t. List the prime factors of k.
131
List the prime factors of (17 - 464)/((-6)/62).
31, 149
Let b be (-87482)/(-372) - 2/12. Suppose b + 157 = c. What are the prime factors of c?
2, 7
Let d(r) = -r**3 - 10*r**2 - 32*r + 2. Let t = 553 + -560. List the prime factors of d(t).
79
Let o = -8635 - -44639. List the prime factors of o.
2, 9001
Let z(l) be the first derivative of l**3/3 - 3*l**2 + 19*l + 3905. Suppose -g - g - t + 10 = 0, 4*t + 37 = 3*g. What are the prime factors of z(g)?
2, 13
Let v = -53 - -56. Suppose v*c - c = 3*f - 345, -2*f + 225 = -3*c. Suppose -9*i + 918 = -f. What are the prime factors of i?
5, 23
Let i(q) = q**3 - 3*q**2 - 5*q + 41. Let d be i(6). Let s = d - -1636. List the prime factors of s.
3, 5, 13
Suppose 7*f - 167 + 895 = 0. Suppose 3*r + 5*b + 52 = 0, 0 = 2*r - 3*b - b + 64. Let w = r - f. List the prime factors of w.
2, 5
Let w = 439 - 437. Suppose -4*m = 5*n - 540, 0*n = w*m + 5*n - 260. List the prime factors of m.
2, 5, 7
Let k = -1116 - -8334. List the prime factors of (-1)/3 + -8 + k/27.
7, 37
Let p = -8903 + 30413. List the prime factors of p.
2, 3, 5, 239
What are the prime factors of (1098/(-12))/((-1103)/(-3336) + 19/(-57))?
2, 61, 139
Let g(n) = 104*n - 6. Suppose -3*m - d = -10 - 1, 4*m = -2*d + 18. Suppose -s = 2*l + m, 2*s + 12 = 4*s - 4*l. What are the prime factors of g(s)?
2, 101
List the prime factors of (261308/6)/((-16)/(-18) + (-46)/207).
65327
Let h = 522 + -520. Suppose h*c = -g + 5*g + 1154, g - 574 = -c. List the prime factors of c.
5, 23
Let v = 55498 - 31954. List the prime factors of v.
2, 3, 109
Let k = 4910 + -460. Suppose -4*b - 2*h + k = 0, -8*b - 5*h = -6*b - 2237. List the prime factors of b.
11, 101
Suppose 2*k = 2*n + 21668 + 10402, 5*k = -4*n + 80130. What are the prime factors of k?
2, 5, 7, 229
Let b(d) = -d**3 + 8*d**2 + 8*d + 16. Let f be b(12). Let o be (1/(-2))/(((-36)/f)/9). Let p = 181 + o. List the prime